{"id":61565,"date":"2025-03-31T23:51:51","date_gmt":"2025-03-31T23:51:51","guid":{"rendered":"https:\/\/alquilerdecarpasquitoecuador.com\/?post_type=cpt_portfolio&#038;p=61565"},"modified":"2025-04-15T01:16:01","modified_gmt":"2025-04-15T01:16:01","slug":"cubiertos","status":"publish","type":"cpt_portfolio","link":"https:\/\/alquilerdecarpasquitoecuador.com\/es\/catalogo\/cubiertos\/","title":{"rendered":"Cubiertos"},"content":{"rendered":"<div class=\"pgc-sgb-cb wp-block-pgcsimplygalleryblock-masonry \" data-gallery-id=\"c8c48968\"><div class=\"sgb-preloader\" id=\"pr_c8c48968\">\n\t<div class=\"sgb-square\" style=\"background:#d4d4d4\"><\/div>\n\t<div class=\"sgb-square\" style=\"background:#d4d4d4\"><\/div>\n\t<div class=\"sgb-square\" style=\"background:#d4d4d4\"><\/div>\n\t<div class=\"sgb-square\" style=\"background:#d4d4d4\"><\/div><\/div><div class=\"simply-gallery-amp pgc_sgb_slider \" style=\"display: none;\"><div class=\"sgb-gallery\"><div class=\"sgb-item\"><a href=\"https:\/\/alquilerdecarpasquitoecuador.com\/wp-content\/uploads\/2025\/02\/cub_1.jpg\"><img loading=\"lazy\" decoding=\"async\" alt=\"\" width=\"300\" height=\"224\" loading=\"lazy\" src=\"https:\/\/alquilerdecarpasquitoecuador.com\/wp-content\/uploads\/2025\/02\/cub_1-300x224.jpg\" srcset=\"https:\/\/alquilerdecarpasquitoecuador.com\/wp-content\/uploads\/2025\/02\/cub_1-300x224.jpg 300w,https:\/\/alquilerdecarpasquitoecuador.com\/wp-content\/uploads\/2025\/02\/cub_1.jpg 890w\" sizes=\"auto, 250px\"\/><\/a><\/div><div class=\"sgb-item\"><a href=\"https:\/\/alquilerdecarpasquitoecuador.com\/wp-content\/uploads\/2025\/02\/cub_2.jpg\"><img loading=\"lazy\" decoding=\"async\" alt=\"\" width=\"300\" height=\"224\" loading=\"lazy\" src=\"https:\/\/alquilerdecarpasquitoecuador.com\/wp-content\/uploads\/2025\/02\/cub_2-300x224.jpg\" srcset=\"https:\/\/alquilerdecarpasquitoecuador.com\/wp-content\/uploads\/2025\/02\/cub_2-300x224.jpg 300w,https:\/\/alquilerdecarpasquitoecuador.com\/wp-content\/uploads\/2025\/02\/cub_2.jpg 890w\" sizes=\"auto, 250px\"\/><\/a><\/div><\/div><\/div><script type=\"application\/json\" class=\"sgb-data\">{\"collectionColumns\":2,\"externalLink\":false,\"captions\":false,\"collectionThumbSubMenuDownload\":false,\"collectionThumbSubMenuShare\":false,\"galleryType\":\"pgc_sgb_masonry\",\"galleryId\":\"c8c48968\",\"images\":[{\"id\":61460,\"title\":\"cub_1\",\"url\":\"https:\/\/alquilerdecarpasquitoecuador.com\/wp-content\/uploads\/2025\/02\/cub_1.jpg\",\"link\":\"https:\/\/alquilerdecarpasquitoecuador.com\/?attachment_id=61460\",\"alt\":\"\",\"description\":\"\",\"caption\":\"\",\"mime\":\"image\/jpeg\",\"type\":\"image\",\"width\":890,\"height\":664,\"sizes\":{\"thumbnail\":{\"height\":150,\"width\":150,\"url\":\"https:\/\/alquilerdecarpasquitoecuador.com\/wp-content\/uploads\/2025\/02\/cub_1-150x150.jpg\",\"orientation\":\"landscape\"},\"medium\":{\"height\":224,\"width\":300,\"url\":\"https:\/\/alquilerdecarpasquitoecuador.com\/wp-content\/uploads\/2025\/02\/cub_1-300x224.jpg\",\"orientation\":\"landscape\"},\"full\":{\"url\":\"https:\/\/alquilerdecarpasquitoecuador.com\/wp-content\/uploads\/2025\/02\/cub_1.jpg\",\"height\":664,\"width\":890,\"orientation\":\"landscape\"}},\"imageMeta\":{\"aperture\":\"0\",\"credit\":\"\",\"camera\":\"\",\"caption\":\"\",\"created_timestamp\":\"0\",\"copyright\":\"\",\"focal_length\":\"0\",\"iso\":\"0\",\"shutter_speed\":\"0\",\"title\":\"\",\"orientation\":\"1\",\"keywords\":[]},\"meta\":false},{\"id\":61461,\"title\":\"cub_2\",\"url\":\"https:\/\/alquilerdecarpasquitoecuador.com\/wp-content\/uploads\/2025\/02\/cub_2.jpg\",\"link\":\"https:\/\/alquilerdecarpasquitoecuador.com\/?attachment_id=61461\",\"alt\":\"\",\"description\":\"\",\"caption\":\"\",\"mime\":\"image\/jpeg\",\"type\":\"image\",\"width\":890,\"height\":664,\"sizes\":{\"thumbnail\":{\"height\":150,\"width\":150,\"url\":\"https:\/\/alquilerdecarpasquitoecuador.com\/wp-content\/uploads\/2025\/02\/cub_2-150x150.jpg\",\"orientation\":\"landscape\"},\"medium\":{\"height\":224,\"width\":300,\"url\":\"https:\/\/alquilerdecarpasquitoecuador.com\/wp-content\/uploads\/2025\/02\/cub_2-300x224.jpg\",\"orientation\":\"landscape\"},\"full\":{\"url\":\"https:\/\/alquilerdecarpasquitoecuador.com\/wp-content\/uploads\/2025\/02\/cub_2.jpg\",\"height\":664,\"width\":890,\"orientation\":\"landscape\"}},\"imageMeta\":{\"aperture\":\"0\",\"credit\":\"\",\"camera\":\"\",\"caption\":\"\",\"created_timestamp\":\"0\",\"copyright\":\"\",\"focal_length\":\"0\",\"iso\":\"0\",\"shutter_speed\":\"0\",\"title\":\"\",\"orientation\":\"1\",\"keywords\":[]},\"meta\":false}],\"sliderItemTitleEnable\":false,\"sliderSlideshow\":false,\"sliderSocialShareEnabled\":false,\"sliderFullscreenEnabled\":false,\"metadata\":{\"categories\":[],\"patternName\":\"core\/block\/61523\",\"name\":\"Galeria Servicios\"},\"TrpContentRestriction\":{\"restriction_type\":\"exclude\",\"selected_languages\":[],\"panel_open\":true},\"itemsMetaDataCollection\":[]}<\/script><script>(function(){if(window.PGC_SGB && window.PGC_SGB.searcher){window.PGC_SGB.searcher.initBlocks()}})()<\/script><\/div>","protected":false},"excerpt":{"rendered":"<p>Ofrecemos una variedad de cubiertos de acero inoxidable de alta calidad, cada pieza est\u00e1 pensada para realzar la presentaci\u00f3n del men\u00fa y armonizar con cualquier tipo de mesa. Desde $0.12.<\/p>\n","protected":false},"author":2,"featured_media":61462,"comment_status":"closed","ping_status":"closed","template":"","cpt_portfolio_group":[295,301],"class_list":["post-61565","cpt_portfolio","type-cpt_portfolio","status-publish","has-post-thumbnail","hentry","cpt_portfolio_group-gallery","cpt_portfolio_group-portfolio"],"_links":{"self":[{"href":"https:\/\/alquilerdecarpasquitoecuador.com\/es\/wp-json\/wp\/v2\/cpt_portfolio\/61565","targetHints":{"allow":["GET"]}}],"collection":[{"href":"https:\/\/alquilerdecarpasquitoecuador.com\/es\/wp-json\/wp\/v2\/cpt_portfolio"}],"about":[{"href":"https:\/\/alquilerdecarpasquitoecuador.com\/es\/wp-json\/wp\/v2\/types\/cpt_portfolio"}],"author":[{"embeddable":true,"href":"https:\/\/alquilerdecarpasquitoecuador.com\/es\/wp-json\/wp\/v2\/users\/2"}],"replies":[{"embeddable":true,"href":"https:\/\/alquilerdecarpasquitoecuador.com\/es\/wp-json\/wp\/v2\/comments?post=61565"}],"wp:featuredmedia":[{"embeddable":true,"href":"https:\/\/alquilerdecarpasquitoecuador.com\/es\/wp-json\/wp\/v2\/media\/61462"}],"wp:attachment":[{"href":"https:\/\/alquilerdecarpasquitoecuador.com\/es\/wp-json\/wp\/v2\/media?parent=61565"}],"wp:term":[{"taxonomy":"cpt_portfolio_group","embeddable":true,"href":"https:\/\/alquilerdecarpasquitoecuador.com\/es\/wp-json\/wp\/v2\/cpt_portfolio_group?post=61565"}],"curies":[{"name":"wp","href":"https:\/\/api.w.org\/{rel}","templated":true}]}}

<p>Ofrecemos una variedad de cubiertos de acero inoxidable de alta calidad, cada pieza está pensada para realzar la presentación del menú y armonizar con cualquier tipo de mesa. Desde $0.12.</p>
